{"id":187,"date":"2025-10-20T16:55:10","date_gmt":"2025-10-20T14:55:10","guid":{"rendered":"https:\/\/iciuyud.cluster100.hosting.ovh.net\/?page_id=187"},"modified":"2025-10-25T16:34:40","modified_gmt":"2025-10-25T14:34:40","slug":"accueil","status":"publish","type":"page","link":"https:\/\/rituelkorea.fr\/","title":{"rendered":"Accueil"},"content":{"rendered":"\n\n\n\n<p><\/p>\n\n\n<div data-block-name=\"woocommerce\/product-category\" data-categories=\"[46,24,48,20,16,25]\" class=\"wc-block-grid wp-block-product-category wp-block-woocommerce-product-category wc-block-product-category has-3-columns has-multiple-rows\"><ul class=\"wc-block-grid__products\"><li class=\"wc-block-grid__product\">\n\t\t\t\t<a href=\"https:\/\/rituelkorea.fr\/index.php\/produit\/aromatica-organic-neroli-brightening-facial-oil-30ml\/\" class=\"wc-block-grid__product-link\">\n\t\t\t\t\t\n\t\t\t\t\t<div class=\"wc-block-grid__product-image\"><img loading=\"lazy\" decoding=\"async\" width=\"324\" height=\"324\" src=\"https:\/\/rituelkorea.fr\/wp-content\/uploads\/2025\/10\/AROMATICA-Brightening-Neroli-Organic-Facial-Oil-1-324x324.webp\" class=\"attachment-woocommerce_thumbnail size-woocommerce_thumbnail\" alt=\"Aromatica \u2013 Huile \u00e9clat visage bio au n\u00e9roli 30 ml\" srcset=\"https:\/\/rituelkorea.fr\/wp-content\/uploads\/2025\/10\/AROMATICA-Brightening-Neroli-Organic-Facial-Oil-1-324x324.webp 324w, https:\/\/rituelkorea.fr\/wp-content\/uploads\/2025\/10\/AROMATICA-Brightening-Neroli-Organic-Facial-Oil-1-100x100.webp 100w, https:\/\/rituelkorea.fr\/wp-content\/uploads\/2025\/10\/AROMATICA-Brightening-Neroli-Organic-Facial-Oil-1-416x416.webp 416w, https:\/\/rituelkorea.fr\/wp-content\/uploads\/2025\/10\/AROMATICA-Brightening-Neroli-Organic-Facial-Oil-1-300x300.webp 300w, https:\/\/rituelkorea.fr\/wp-content\/uploads\/2025\/10\/AROMATICA-Brightening-Neroli-Organic-Facial-Oil-1-150x150.webp 150w, https:\/\/rituelkorea.fr\/wp-content\/uploads\/2025\/10\/AROMATICA-Brightening-Neroli-Organic-Facial-Oil-1.webp 768w\" sizes=\"auto, (max-width: 324px) 100vw, 324px\" \/><\/div>\n\t\t\t\t\t<div class=\"wc-block-grid__product-title\">Aromatica \u2013 Huile \u00e9clat visage bio au n\u00e9roli 30 ml<\/div>\n\t\t\t\t<\/a>\n\t\t\t\t<div class=\"wc-block-grid__product-price price\"><span class=\"woocommerce-Price-amount amount\">22,90&nbsp;<span class=\"woocommerce-Price-currencySymbol\">&euro;<\/span><\/span><\/div>\n\t\t\t\t\n\t\t\t\t<div class=\"wp-block-button wc-block-grid__product-add-to-cart\"><a href=\"\/index.php\/wp-json\/wp\/v2\/pages\/187?add-to-cart=328\" aria-label=\"Ajouter au panier\u00a0: &ldquo;Aromatica \u2013 Huile \u00e9clat visage bio au n\u00e9roli 30 ml&rdquo;\" data-quantity=\"1\" data-product_id=\"328\" data-product_sku=\"AROMATICA-10\" data-price=\"22.9\" rel=\"nofollow\" class=\"wp-block-button__link  add_to_cart_button ajax_add_to_cart\">Ajouter au panier<\/a><\/div>\n\t\t\t<\/li><li class=\"wc-block-grid__product\">\n\t\t\t\t<a href=\"https:\/\/rituelkorea.fr\/index.php\/produit\/beauty-of-joseon-green-plum-refreshing-toner-aha-bha-150ml\/\" class=\"wc-block-grid__product-link\">\n\t\t\t\t\t\n\t\t\t\t\t<div class=\"wc-block-grid__product-image\"><img loading=\"lazy\" decoding=\"async\" width=\"324\" height=\"324\" src=\"https:\/\/rituelkorea.fr\/wp-content\/uploads\/2025\/10\/beauty-of-joseon-toner-green-plum-rafraichissant-e1761397112141-324x324.jpeg\" class=\"attachment-woocommerce_thumbnail size-woocommerce_thumbnail\" alt=\"BEAUTY OF JOSEON \u2013 Tonique rafra\u00eechissant Green Plum : AHA + BHA 150ml\" srcset=\"https:\/\/rituelkorea.fr\/wp-content\/uploads\/2025\/10\/beauty-of-joseon-toner-green-plum-rafraichissant-e1761397112141-324x324.jpeg 324w, https:\/\/rituelkorea.fr\/wp-content\/uploads\/2025\/10\/beauty-of-joseon-toner-green-plum-rafraichissant-e1761397112141-100x100.jpeg 100w\" sizes=\"auto, (max-width: 324px) 100vw, 324px\" \/><\/div>\n\t\t\t\t\t<div class=\"wc-block-grid__product-title\">BEAUTY OF JOSEON \u2013 Tonique rafra\u00eechissant Green Plum : AHA + BHA 150ml<\/div>\n\t\t\t\t<\/a>\n\t\t\t\t<div class=\"wc-block-grid__product-price price\"><span class=\"woocommerce-Price-amount amount\">15,90&nbsp;<span class=\"woocommerce-Price-currencySymbol\">&euro;<\/span><\/span><\/div>\n\t\t\t\t\n\t\t\t\t<div class=\"wp-block-button wc-block-grid__product-add-to-cart\"><a href=\"\/index.php\/wp-json\/wp\/v2\/pages\/187?add-to-cart=326\" aria-label=\"Ajouter au panier\u00a0: &ldquo;BEAUTY OF JOSEON \u2013 Tonique rafra\u00eechissant Green Plum : AHA + BHA 150ml&rdquo;\" data-quantity=\"1\" data-product_id=\"326\" data-product_sku=\"JOSEON-9\" data-price=\"15.9\" rel=\"nofollow\" class=\"wp-block-button__link  add_to_cart_button ajax_add_to_cart\">Ajouter au panier<\/a><\/div>\n\t\t\t<\/li><li class=\"wc-block-grid__product\">\n\t\t\t\t<a href=\"https:\/\/rituelkorea.fr\/index.php\/produit\/beauty-of-joseon-glow-replenishing-rice-milk-150-ml\/\" class=\"wc-block-grid__product-link\">\n\t\t\t\t\t\n\t\t\t\t\t<div class=\"wc-block-grid__product-image\"><img loading=\"lazy\" decoding=\"async\" width=\"324\" height=\"324\" src=\"https:\/\/rituelkorea.fr\/wp-content\/uploads\/2025\/10\/Beauty-of-Joseon-Glow-Replenishing-Rice-Milk-150ml-324x324.jpg\" class=\"attachment-woocommerce_thumbnail size-woocommerce_thumbnail\" alt=\"BEAUTY OF JOSEON \u2013 Lait de riz r\u00e9g\u00e9n\u00e9rant &quot;Glow&quot; (150\u202fml)\" srcset=\"https:\/\/rituelkorea.fr\/wp-content\/uploads\/2025\/10\/Beauty-of-Joseon-Glow-Replenishing-Rice-Milk-150ml-324x324.jpg 324w, https:\/\/rituelkorea.fr\/wp-content\/uploads\/2025\/10\/Beauty-of-Joseon-Glow-Replenishing-Rice-Milk-150ml-100x100.jpg 100w, https:\/\/rituelkorea.fr\/wp-content\/uploads\/2025\/10\/Beauty-of-Joseon-Glow-Replenishing-Rice-Milk-150ml-416x416.jpg 416w, https:\/\/rituelkorea.fr\/wp-content\/uploads\/2025\/10\/Beauty-of-Joseon-Glow-Replenishing-Rice-Milk-150ml-300x300.jpg 300w, https:\/\/rituelkorea.fr\/wp-content\/uploads\/2025\/10\/Beauty-of-Joseon-Glow-Replenishing-Rice-Milk-150ml-150x150.jpg 150w, https:\/\/rituelkorea.fr\/wp-content\/uploads\/2025\/10\/Beauty-of-Joseon-Glow-Replenishing-Rice-Milk-150ml.jpg 768w\" sizes=\"auto, (max-width: 324px) 100vw, 324px\" \/><\/div>\n\t\t\t\t\t<div class=\"wc-block-grid__product-title\">BEAUTY OF JOSEON \u2013 Lait de riz r\u00e9g\u00e9n\u00e9rant \u00ab\u00a0Glow\u00a0\u00bb (150\u202fml)<\/div>\n\t\t\t\t<\/a>\n\t\t\t\t<div class=\"wc-block-grid__product-price price\"><span class=\"woocommerce-Price-amount amount\">14,90&nbsp;<span class=\"woocommerce-Price-currencySymbol\">&euro;<\/span><\/span><\/div>\n\t\t\t\t\n\t\t\t\t<div class=\"wp-block-button wc-block-grid__product-add-to-cart\"><a href=\"\/index.php\/wp-json\/wp\/v2\/pages\/187?add-to-cart=317\" aria-label=\"Ajouter au panier\u00a0: &ldquo;BEAUTY OF JOSEON \u2013 Lait de riz r\u00e9g\u00e9n\u00e9rant &quot;Glow&quot; (150\u202fml)&rdquo;\" data-quantity=\"1\" data-product_id=\"317\" data-product_sku=\"JOSEON-21\" data-price=\"14.9\" rel=\"nofollow\" class=\"wp-block-button__link  add_to_cart_button ajax_add_to_cart\">Ajouter au panier<\/a><\/div>\n\t\t\t<\/li><li class=\"wc-block-grid__product\">\n\t\t\t\t<a href=\"https:\/\/rituelkorea.fr\/index.php\/produit\/round-lab-1025-dokdo-toner-100ml\/\" class=\"wc-block-grid__product-link\">\n\t\t\t\t\t\n\t\t\t\t\t<div class=\"wc-block-grid__product-image\"><img loading=\"lazy\" decoding=\"async\" width=\"324\" height=\"324\" src=\"https:\/\/rituelkorea.fr\/wp-content\/uploads\/2025\/10\/Toner-Dokdo-1-e1761397218837-324x324.jpg\" class=\"attachment-woocommerce_thumbnail size-woocommerce_thumbnail\" alt=\"ROUND LAB \u2013 1025 Dokdo Tonique \u2013 100ml\" srcset=\"https:\/\/rituelkorea.fr\/wp-content\/uploads\/2025\/10\/Toner-Dokdo-1-e1761397218837-324x324.jpg 324w, https:\/\/rituelkorea.fr\/wp-content\/uploads\/2025\/10\/Toner-Dokdo-1-e1761397218837-100x100.jpg 100w, https:\/\/rituelkorea.fr\/wp-content\/uploads\/2025\/10\/Toner-Dokdo-1-e1761397218837-416x416.jpg 416w, https:\/\/rituelkorea.fr\/wp-content\/uploads\/2025\/10\/Toner-Dokdo-1-e1761397218837.jpg 500w\" sizes=\"auto, (max-width: 324px) 100vw, 324px\" \/><\/div>\n\t\t\t\t\t<div class=\"wc-block-grid__product-title\">ROUND LAB \u2013 1025 Dokdo Tonique \u2013 100ml<\/div>\n\t\t\t\t<\/a>\n\t\t\t\t<div class=\"wc-block-grid__product-price price\"><span class=\"woocommerce-Price-amount amount\">11,90&nbsp;<span class=\"woocommerce-Price-currencySymbol\">&euro;<\/span><\/span><\/div>\n\t\t\t\t\n\t\t\t\t<div class=\"wp-block-button wc-block-grid__product-add-to-cart\"><a href=\"\/index.php\/wp-json\/wp\/v2\/pages\/187?add-to-cart=315\" aria-label=\"Ajouter au panier\u00a0: &ldquo;ROUND LAB \u2013 1025 Dokdo Tonique \u2013 100ml&rdquo;\" data-quantity=\"1\" data-product_id=\"315\" data-product_sku=\"ROUND-15_1\" data-price=\"11.9\" rel=\"nofollow\" class=\"wp-block-button__link  add_to_cart_button ajax_add_to_cart\">Ajouter au panier<\/a><\/div>\n\t\t\t<\/li><li class=\"wc-block-grid__product\">\n\t\t\t\t<a href=\"https:\/\/rituelkorea.fr\/index.php\/produit\/cosrx-advanced-snail-mucin-glass-glow-hydrogel-mask-3-masques\/\" class=\"wc-block-grid__product-link\">\n\t\t\t\t\t<div class=\"wc-block-grid__product-onsale\">\n\t\t\t<span aria-hidden=\"true\">Promo<\/span>\n\t\t\t<span class=\"screen-reader-text\">Produit en promotion<\/span>\n\t\t<\/div>\n\t\t\t\t\t<div class=\"wc-block-grid__product-image\"><img loading=\"lazy\" decoding=\"async\" width=\"324\" height=\"324\" src=\"https:\/\/rituelkorea.fr\/wp-content\/uploads\/2025\/10\/COSRX-\u2013-Advanced-Snail-Mucin-Glass-Glow-Hydrogel-Mask-3pcs-per-box-324x324.webp\" class=\"attachment-woocommerce_thumbnail size-woocommerce_thumbnail\" alt=\"COSRX \u2013  Masque hydrogel \u00e9clatant \u00e0 la mucine d&#039;escargot avanc\u00e9e (3 masques)\" srcset=\"https:\/\/rituelkorea.fr\/wp-content\/uploads\/2025\/10\/COSRX-\u2013-Advanced-Snail-Mucin-Glass-Glow-Hydrogel-Mask-3pcs-per-box-324x324.webp 324w, https:\/\/rituelkorea.fr\/wp-content\/uploads\/2025\/10\/COSRX-\u2013-Advanced-Snail-Mucin-Glass-Glow-Hydrogel-Mask-3pcs-per-box-100x100.webp 100w, https:\/\/rituelkorea.fr\/wp-content\/uploads\/2025\/10\/COSRX-\u2013-Advanced-Snail-Mucin-Glass-Glow-Hydrogel-Mask-3pcs-per-box-416x416.webp 416w, https:\/\/rituelkorea.fr\/wp-content\/uploads\/2025\/10\/COSRX-\u2013-Advanced-Snail-Mucin-Glass-Glow-Hydrogel-Mask-3pcs-per-box-300x300.webp 300w, https:\/\/rituelkorea.fr\/wp-content\/uploads\/2025\/10\/COSRX-\u2013-Advanced-Snail-Mucin-Glass-Glow-Hydrogel-Mask-3pcs-per-box-150x150.webp 150w, https:\/\/rituelkorea.fr\/wp-content\/uploads\/2025\/10\/COSRX-\u2013-Advanced-Snail-Mucin-Glass-Glow-Hydrogel-Mask-3pcs-per-box.webp 600w\" sizes=\"auto, (max-width: 324px) 100vw, 324px\" \/><\/div>\n\t\t\t\t\t<div class=\"wc-block-grid__product-title\">COSRX \u2013  Masque hydrogel \u00e9clatant \u00e0 la mucine d&rsquo;escargot avanc\u00e9e (3 masques)<\/div>\n\t\t\t\t<\/a>\n\t\t\t\t<div class=\"wc-block-grid__product-price price\"><del aria-hidden=\"true\"><span class=\"woocommerce-Price-amount amount\">15,00&nbsp;<span class=\"woocommerce-Price-currencySymbol\">&euro;<\/span><\/span><\/del> <span class=\"screen-reader-text\">Le prix initial \u00e9tait\u00a0: 15,00&nbsp;&euro;.<\/span><ins aria-hidden=\"true\"><span class=\"woocommerce-Price-amount amount\">13,90&nbsp;<span class=\"woocommerce-Price-currencySymbol\">&euro;<\/span><\/span><\/ins><span class=\"screen-reader-text\">Le prix actuel est\u00a0: 13,90&nbsp;&euro;.<\/span><\/div>\n\t\t\t\t\n\t\t\t\t<div class=\"wp-block-button wc-block-grid__product-add-to-cart\"><a href=\"\/index.php\/wp-json\/wp\/v2\/pages\/187?add-to-cart=158\" aria-label=\"Ajouter au panier\u00a0: &ldquo;COSRX \u2013  Masque hydrogel \u00e9clatant \u00e0 la mucine d&#039;escargot avanc\u00e9e (3 masques)&rdquo;\" data-quantity=\"1\" data-product_id=\"158\" data-product_sku=\"cosrx-998\" data-price=\"13.9\" rel=\"nofollow\" class=\"wp-block-button__link  add_to_cart_button ajax_add_to_cart\">Ajouter au panier<\/a><\/div>\n\t\t\t<\/li><li class=\"wc-block-grid__product\">\n\t\t\t\t<a href=\"https:\/\/rituelkorea.fr\/index.php\/produit\/anua-peach-77-niacin-conditioning-milk-150ml\/\" class=\"wc-block-grid__product-link\">\n\t\t\t\t\t<div class=\"wc-block-grid__product-onsale\">\n\t\t\t<span aria-hidden=\"true\">Promo<\/span>\n\t\t\t<span class=\"screen-reader-text\">Produit en promotion<\/span>\n\t\t<\/div>\n\t\t\t\t\t<div class=\"wc-block-grid__product-image\"><img loading=\"lazy\" decoding=\"async\" width=\"324\" height=\"324\" src=\"https:\/\/rituelkorea.fr\/wp-content\/uploads\/2025\/10\/anua-peach-77-niacin-essence-toner-1-324x324.jpg\" class=\"attachment-woocommerce_thumbnail size-woocommerce_thumbnail\" alt=\"ANUA \u2013 Lait revitalisant \u00e0 la p\u00eache et \u00e0 la niacine 77 % (150 ml)\" srcset=\"https:\/\/rituelkorea.fr\/wp-content\/uploads\/2025\/10\/anua-peach-77-niacin-essence-toner-1-324x324.jpg 324w, https:\/\/rituelkorea.fr\/wp-content\/uploads\/2025\/10\/anua-peach-77-niacin-essence-toner-1-100x100.jpg 100w, https:\/\/rituelkorea.fr\/wp-content\/uploads\/2025\/10\/anua-peach-77-niacin-essence-toner-1-150x150.jpg 150w\" sizes=\"auto, (max-width: 324px) 100vw, 324px\" \/><\/div>\n\t\t\t\t\t<div class=\"wc-block-grid__product-title\">ANUA \u2013 Lait revitalisant \u00e0 la p\u00eache et \u00e0 la niacine 77 % (150 ml)<\/div>\n\t\t\t\t<\/a>\n\t\t\t\t<div class=\"wc-block-grid__product-price price\"><del aria-hidden=\"true\"><span class=\"woocommerce-Price-amount amount\">24,90&nbsp;<span class=\"woocommerce-Price-currencySymbol\">&euro;<\/span><\/span><\/del> <span class=\"screen-reader-text\">Le prix initial \u00e9tait\u00a0: 24,90&nbsp;&euro;.<\/span><ins aria-hidden=\"true\"><span class=\"woocommerce-Price-amount amount\">18,90&nbsp;<span class=\"woocommerce-Price-currencySymbol\">&euro;<\/span><\/span><\/ins><span class=\"screen-reader-text\">Le prix actuel est\u00a0: 18,90&nbsp;&euro;.<\/span><\/div>\n\t\t\t\t\n\t\t\t\t<div class=\"wp-block-button wc-block-grid__product-add-to-cart\"><a href=\"\/index.php\/wp-json\/wp\/v2\/pages\/187?add-to-cart=131\" aria-label=\"Ajouter au panier\u00a0: &ldquo;ANUA \u2013 Lait revitalisant \u00e0 la p\u00eache et \u00e0 la niacine 77 % (150 ml)&rdquo;\" data-quantity=\"1\" data-product_id=\"131\" data-product_sku=\"ANUA-25\" data-price=\"18.9\" rel=\"nofollow\" class=\"wp-block-button__link  add_to_cart_button ajax_add_to_cart\">Ajouter au panier<\/a><\/div>\n\t\t\t<\/li><li class=\"wc-block-grid__product\">\n\t\t\t\t<a href=\"https:\/\/rituelkorea.fr\/index.php\/produit\/beauty-of-joseon-relief-sun-rice-probiotics-spf50-pa-50-ml\/\" class=\"wc-block-grid__product-link\">\n\t\t\t\t\t\n\t\t\t\t\t<div class=\"wc-block-grid__product-image\"><img loading=\"lazy\" decoding=\"async\" width=\"324\" height=\"324\" src=\"https:\/\/rituelkorea.fr\/wp-content\/uploads\/2025\/10\/Beauty-of-Joseon-Relief-Sun-Rice-Probiotics-SPF-50-50-ml-324x324.jpg\" class=\"attachment-woocommerce_thumbnail size-woocommerce_thumbnail\" alt=\"BEAUTY OF JOSEON \u2013 Cr\u00e8me solaire - riz+probiotiques SPF50+ (50 ml)\" srcset=\"https:\/\/rituelkorea.fr\/wp-content\/uploads\/2025\/10\/Beauty-of-Joseon-Relief-Sun-Rice-Probiotics-SPF-50-50-ml-324x324.jpg 324w, https:\/\/rituelkorea.fr\/wp-content\/uploads\/2025\/10\/Beauty-of-Joseon-Relief-Sun-Rice-Probiotics-SPF-50-50-ml-100x100.jpg 100w, https:\/\/rituelkorea.fr\/wp-content\/uploads\/2025\/10\/Beauty-of-Joseon-Relief-Sun-Rice-Probiotics-SPF-50-50-ml-416x416.jpg 416w, https:\/\/rituelkorea.fr\/wp-content\/uploads\/2025\/10\/Beauty-of-Joseon-Relief-Sun-Rice-Probiotics-SPF-50-50-ml-300x300.jpg 300w, https:\/\/rituelkorea.fr\/wp-content\/uploads\/2025\/10\/Beauty-of-Joseon-Relief-Sun-Rice-Probiotics-SPF-50-50-ml-150x150.jpg 150w, https:\/\/rituelkorea.fr\/wp-content\/uploads\/2025\/10\/Beauty-of-Joseon-Relief-Sun-Rice-Probiotics-SPF-50-50-ml-768x768.jpg 768w, https:\/\/rituelkorea.fr\/wp-content\/uploads\/2025\/10\/Beauty-of-Joseon-Relief-Sun-Rice-Probiotics-SPF-50-50-ml.jpg 900w\" sizes=\"auto, (max-width: 324px) 100vw, 324px\" \/><\/div>\n\t\t\t\t\t<div class=\"wc-block-grid__product-title\">BEAUTY OF JOSEON \u2013 Cr\u00e8me solaire &#8211; riz+probiotiques SPF50+ (50 ml)<\/div>\n\t\t\t\t<\/a>\n\t\t\t\t<div class=\"wc-block-grid__product-price price\"><span class=\"woocommerce-Price-amount amount\">14,60&nbsp;<span class=\"woocommerce-Price-currencySymbol\">&euro;<\/span><\/span><\/div>\n\t\t\t\t\n\t\t\t\t<div class=\"wp-block-button wc-block-grid__product-add-to-cart\"><a href=\"\/index.php\/wp-json\/wp\/v2\/pages\/187?add-to-cart=109\" aria-label=\"Ajouter au panier\u00a0: &ldquo;BEAUTY OF JOSEON \u2013 Cr\u00e8me solaire - riz+probiotiques SPF50+ (50 ml)&rdquo;\" data-quantity=\"1\" data-product_id=\"109\" data-product_sku=\"JOSEON-14_2\" data-price=\"14.6\" rel=\"nofollow\" class=\"wp-block-button__link  add_to_cart_button ajax_add_to_cart\">Ajouter au panier<\/a><\/div>\n\t\t\t<\/li><li class=\"wc-block-grid__product\">\n\t\t\t\t<a href=\"https:\/\/rituelkorea.fr\/index.php\/produit\/biodance-bio-collagen-real-deep-mask-1pcs\/\" class=\"wc-block-grid__product-link\">\n\t\t\t\t\t\n\t\t\t\t\t<div class=\"wc-block-grid__product-image\"><img loading=\"lazy\" decoding=\"async\" width=\"324\" height=\"324\" src=\"https:\/\/rituelkorea.fr\/wp-content\/uploads\/2025\/10\/Biodance_Bio_Collagen_Real_Deep_Mask-324x324.jpg\" class=\"attachment-woocommerce_thumbnail size-woocommerce_thumbnail\" alt=\"BIODANCE -  Bio Collagen Real Deep Mask (1pcs)\" srcset=\"https:\/\/rituelkorea.fr\/wp-content\/uploads\/2025\/10\/Biodance_Bio_Collagen_Real_Deep_Mask-324x324.jpg 324w, https:\/\/rituelkorea.fr\/wp-content\/uploads\/2025\/10\/Biodance_Bio_Collagen_Real_Deep_Mask-100x100.jpg 100w, https:\/\/rituelkorea.fr\/wp-content\/uploads\/2025\/10\/Biodance_Bio_Collagen_Real_Deep_Mask-416x416.jpg 416w, https:\/\/rituelkorea.fr\/wp-content\/uploads\/2025\/10\/Biodance_Bio_Collagen_Real_Deep_Mask-300x300.jpg 300w, https:\/\/rituelkorea.fr\/wp-content\/uploads\/2025\/10\/Biodance_Bio_Collagen_Real_Deep_Mask-150x150.jpg 150w, https:\/\/rituelkorea.fr\/wp-content\/uploads\/2025\/10\/Biodance_Bio_Collagen_Real_Deep_Mask.jpg 768w\" sizes=\"auto, (max-width: 324px) 100vw, 324px\" \/><\/div>\n\t\t\t\t\t<div class=\"wc-block-grid__product-title\">BIODANCE &#8211;  Bio Collagen Real Deep Mask (1pcs)<\/div>\n\t\t\t\t<\/a>\n\t\t\t\t<div class=\"wc-block-grid__product-price price\"><span class=\"woocommerce-Price-amount amount\">6,20&nbsp;<span class=\"woocommerce-Price-currencySymbol\">&euro;<\/span><\/span><\/div>\n\t\t\t\t\n\t\t\t\t<div class=\"wp-block-button wc-block-grid__product-add-to-cart\"><a href=\"\/index.php\/wp-json\/wp\/v2\/pages\/187?add-to-cart=77\" aria-label=\"Ajouter au panier\u00a0: &ldquo;BIODANCE -  Bio Collagen Real Deep Mask (1pcs)&rdquo;\" data-quantity=\"1\" data-product_id=\"77\" data-product_sku=\"BIODANCE-13\" data-price=\"6.2\" rel=\"nofollow\" class=\"wp-block-button__link  add_to_cart_button ajax_add_to_cart\">Ajouter au panier<\/a><\/div>\n\t\t\t<\/li><li class=\"wc-block-grid__product\">\n\t\t\t\t<a href=\"https:\/\/rituelkorea.fr\/index.php\/produit\/anua-heartleaf-pore-control-cleansing-oil-200ml\/\" class=\"wc-block-grid__product-link\">\n\t\t\t\t\t<div class=\"wc-block-grid__product-onsale\">\n\t\t\t<span aria-hidden=\"true\">Promo<\/span>\n\t\t\t<span class=\"screen-reader-text\">Produit en promotion<\/span>\n\t\t<\/div>\n\t\t\t\t\t<div class=\"wc-block-grid__product-image\"><img loading=\"lazy\" decoding=\"async\" width=\"324\" height=\"324\" src=\"https:\/\/rituelkorea.fr\/wp-content\/uploads\/2025\/10\/Huile-demaquillante-regulatrice-de-pores-Heartleaf-1-324x324.jpg\" class=\"attachment-woocommerce_thumbnail size-woocommerce_thumbnail\" alt=\"ANUA \u2013 Huile d\u00e9maquillante r\u00e9gulatrice de pores Heartleaf 200ml\" srcset=\"https:\/\/rituelkorea.fr\/wp-content\/uploads\/2025\/10\/Huile-demaquillante-regulatrice-de-pores-Heartleaf-1-324x324.jpg 324w, https:\/\/rituelkorea.fr\/wp-content\/uploads\/2025\/10\/Huile-demaquillante-regulatrice-de-pores-Heartleaf-1-100x100.jpg 100w, https:\/\/rituelkorea.fr\/wp-content\/uploads\/2025\/10\/Huile-demaquillante-regulatrice-de-pores-Heartleaf-1-416x416.jpg 416w, https:\/\/rituelkorea.fr\/wp-content\/uploads\/2025\/10\/Huile-demaquillante-regulatrice-de-pores-Heartleaf-1-300x300.jpg 300w, https:\/\/rituelkorea.fr\/wp-content\/uploads\/2025\/10\/Huile-demaquillante-regulatrice-de-pores-Heartleaf-1-150x150.jpg 150w, https:\/\/rituelkorea.fr\/wp-content\/uploads\/2025\/10\/Huile-demaquillante-regulatrice-de-pores-Heartleaf-1.jpg 768w\" sizes=\"auto, (max-width: 324px) 100vw, 324px\" \/><\/div>\n\t\t\t\t\t<div class=\"wc-block-grid__product-title\">ANUA \u2013 Huile d\u00e9maquillante r\u00e9gulatrice de pores Heartleaf 200ml<\/div>\n\t\t\t\t<\/a>\n\t\t\t\t<div class=\"wc-block-grid__product-price price\"><del aria-hidden=\"true\"><span class=\"woocommerce-Price-amount amount\">19,90&nbsp;<span class=\"woocommerce-Price-currencySymbol\">&euro;<\/span><\/span><\/del> <span class=\"screen-reader-text\">Le prix initial \u00e9tait\u00a0: 19,90&nbsp;&euro;.<\/span><ins aria-hidden=\"true\"><span class=\"woocommerce-Price-amount amount\">16,90&nbsp;<span class=\"woocommerce-Price-currencySymbol\">&euro;<\/span><\/span><\/ins><span class=\"screen-reader-text\">Le prix actuel est\u00a0: 16,90&nbsp;&euro;.<\/span><\/div>\n\t\t\t\t\n\t\t\t\t<div class=\"wp-block-button wc-block-grid__product-add-to-cart\"><a href=\"\/index.php\/wp-json\/wp\/v2\/pages\/187?add-to-cart=74\" aria-label=\"Ajouter au panier\u00a0: &ldquo;ANUA \u2013 Huile d\u00e9maquillante r\u00e9gulatrice de pores Heartleaf 200ml&rdquo;\" data-quantity=\"1\" data-product_id=\"74\" data-product_sku=\"ANUA-4\" data-price=\"16.9\" rel=\"nofollow\" class=\"wp-block-button__link  add_to_cart_button ajax_add_to_cart\">Ajouter au panier<\/a><\/div>\n\t\t\t<\/li><\/ul><\/div>","protected":false},"excerpt":{"rendered":"","protected":false},"author":1,"featured_media":0,"parent":0,"menu_order":0,"comment_status":"closed","ping_status":"closed","template":"","meta":{"_uag_custom_page_level_css":"","footnotes":""},"class_list":["post-187","page","type-page","status-publish","hentry"],"yoast_head":"<!-- This site is optimized with the Yoast SEO plugin v27.2 - https:\/\/yoast.com\/product\/yoast-seo-wordpress\/ -->\n<title>Accueil - RituelKorea<\/title>\n<meta name=\"robots\" content=\"index, follow, max-snippet:-1, max-image-preview:large, max-video-preview:-1\" \/>\n<link rel=\"canonical\" href=\"https:\/\/rituelkorea.fr\/\" \/>\n<meta property=\"og:locale\" content=\"fr_FR\" \/>\n<meta property=\"og:type\" content=\"article\" \/>\n<meta property=\"og:title\" content=\"Accueil - RituelKorea\" \/>\n<meta property=\"og:url\" content=\"https:\/\/rituelkorea.fr\/\" \/>\n<meta property=\"og:site_name\" content=\"RituelKorea\" \/>\n<meta property=\"article:modified_time\" content=\"2025-10-25T14:34:40+00:00\" \/>\n<meta name=\"twitter:card\" content=\"summary_large_image\" \/>\n<meta name=\"twitter:label1\" content=\"Dur\u00e9e de lecture estim\u00e9e\" \/>\n\t<meta name=\"twitter:data1\" content=\"1 minute\" \/>\n<script type=\"application\/ld+json\" class=\"yoast-schema-graph\">{\"@context\":\"https:\/\/schema.org\",\"@graph\":[{\"@type\":\"WebPage\",\"@id\":\"https:\/\/rituelkorea.fr\/\",\"url\":\"https:\/\/rituelkorea.fr\/\",\"name\":\"Accueil - RituelKorea\",\"isPartOf\":{\"@id\":\"https:\/\/rituelkorea.fr\/#website\"},\"datePublished\":\"2025-10-20T14:55:10+00:00\",\"dateModified\":\"2025-10-25T14:34:40+00:00\",\"breadcrumb\":{\"@id\":\"https:\/\/rituelkorea.fr\/#breadcrumb\"},\"inLanguage\":\"fr-FR\",\"potentialAction\":[{\"@type\":\"ReadAction\",\"target\":[\"https:\/\/rituelkorea.fr\/\"]}]},{\"@type\":\"BreadcrumbList\",\"@id\":\"https:\/\/rituelkorea.fr\/#breadcrumb\",\"itemListElement\":[{\"@type\":\"ListItem\",\"position\":1,\"name\":\"Accueil\",\"item\":\"https:\/\/rituelkorea.fr\/\"},{\"@type\":\"ListItem\",\"position\":2,\"name\":\"Accueil\"}]},{\"@type\":\"WebSite\",\"@id\":\"https:\/\/rituelkorea.fr\/#website\",\"url\":\"https:\/\/rituelkorea.fr\/\",\"name\":\"RituelKorea\",\"description\":\"\",\"potentialAction\":[{\"@type\":\"SearchAction\",\"target\":{\"@type\":\"EntryPoint\",\"urlTemplate\":\"https:\/\/rituelkorea.fr\/?s={search_term_string}\"},\"query-input\":{\"@type\":\"PropertyValueSpecification\",\"valueRequired\":true,\"valueName\":\"search_term_string\"}}],\"inLanguage\":\"fr-FR\"}]}<\/script>\n<!-- \/ Yoast SEO plugin. -->","yoast_head_json":{"title":"Accueil - RituelKorea","robots":{"index":"index","follow":"follow","max-snippet":"max-snippet:-1","max-image-preview":"max-image-preview:large","max-video-preview":"max-video-preview:-1"},"canonical":"https:\/\/rituelkorea.fr\/","og_locale":"fr_FR","og_type":"article","og_title":"Accueil - RituelKorea","og_url":"https:\/\/rituelkorea.fr\/","og_site_name":"RituelKorea","article_modified_time":"2025-10-25T14:34:40+00:00","twitter_card":"summary_large_image","twitter_misc":{"Dur\u00e9e de lecture estim\u00e9e":"1 minute"},"schema":{"@context":"https:\/\/schema.org","@graph":[{"@type":"WebPage","@id":"https:\/\/rituelkorea.fr\/","url":"https:\/\/rituelkorea.fr\/","name":"Accueil - RituelKorea","isPartOf":{"@id":"https:\/\/rituelkorea.fr\/#website"},"datePublished":"2025-10-20T14:55:10+00:00","dateModified":"2025-10-25T14:34:40+00:00","breadcrumb":{"@id":"https:\/\/rituelkorea.fr\/#breadcrumb"},"inLanguage":"fr-FR","potentialAction":[{"@type":"ReadAction","target":["https:\/\/rituelkorea.fr\/"]}]},{"@type":"BreadcrumbList","@id":"https:\/\/rituelkorea.fr\/#breadcrumb","itemListElement":[{"@type":"ListItem","position":1,"name":"Accueil","item":"https:\/\/rituelkorea.fr\/"},{"@type":"ListItem","position":2,"name":"Accueil"}]},{"@type":"WebSite","@id":"https:\/\/rituelkorea.fr\/#website","url":"https:\/\/rituelkorea.fr\/","name":"RituelKorea","description":"","potentialAction":[{"@type":"SearchAction","target":{"@type":"EntryPoint","urlTemplate":"https:\/\/rituelkorea.fr\/?s={search_term_string}"},"query-input":{"@type":"PropertyValueSpecification","valueRequired":true,"valueName":"search_term_string"}}],"inLanguage":"fr-FR"}]}},"uagb_featured_image_src":{"full":false,"thumbnail":false,"medium":false,"medium_large":false,"large":false,"1536x1536":false,"2048x2048":false,"woocommerce_thumbnail":false,"woocommerce_single":false,"woocommerce_gallery_thumbnail":false},"uagb_author_info":{"display_name":"adminwp","author_link":"https:\/\/rituelkorea.fr\/index.php\/author\/adminwp\/"},"uagb_comment_info":0,"uagb_excerpt":null,"_links":{"self":[{"href":"https:\/\/rituelkorea.fr\/index.php\/wp-json\/wp\/v2\/pages\/187","targetHints":{"allow":["GET"]}}],"collection":[{"href":"https:\/\/rituelkorea.fr\/index.php\/wp-json\/wp\/v2\/pages"}],"about":[{"href":"https:\/\/rituelkorea.fr\/index.php\/wp-json\/wp\/v2\/types\/page"}],"author":[{"embeddable":true,"href":"https:\/\/rituelkorea.fr\/index.php\/wp-json\/wp\/v2\/users\/1"}],"replies":[{"embeddable":true,"href":"https:\/\/rituelkorea.fr\/index.php\/wp-json\/wp\/v2\/comments?post=187"}],"version-history":[{"count":17,"href":"https:\/\/rituelkorea.fr\/index.php\/wp-json\/wp\/v2\/pages\/187\/revisions"}],"predecessor-version":[{"id":548,"href":"https:\/\/rituelkorea.fr\/index.php\/wp-json\/wp\/v2\/pages\/187\/revisions\/548"}],"wp:attachment":[{"href":"https:\/\/rituelkorea.fr\/index.php\/wp-json\/wp\/v2\/media?parent=187"}],"curies":[{"name":"wp","href":"https:\/\/api.w.org\/{rel}","templated":true}]}}